?
True
Is 183023 composite?
False
Is 387137 prime?
True
Is 256403 a prime number?
False
Is 135589 composite?
False
Is 1961 composite?
True
Is 1077503 a prime number?
False
Is 3631457 a prime number?
True
Is 263771 a prime number?
False
Is 112417 a prime number?
False
Is 722887 composite?
True
Is 56983 a composite number?
False
Is 33149 prime?
True
Is 161147 a composite number?
True
Is 1071181 a prime number?
True
Is 90989 a prime number?
True
Is 27905 composite?
True
Is 191 prime?
True
Is 155609 composite?
False
Is 286019 a prime number?
True
Is 33247 composite?
False
Is 1205159 a prime number?
True
Is 375359 a composite number?
False
Is 23857 a composite number?
False
Is 17377 prime?
True
Is 11597 a composite number?
False
Is 594407 composite?
True
Is 2477 composite?
False
Is 7639 composite?
False
Is 2957 a prime number?
True
Is 569957 a prime number?
True
Is 14671 a composite number?
True
Is 235529 composite?
True
Is 23719 composite?
False
Is 26 a prime number?
False
Is 12898 prime?
False
Is 37409 prime?
True
Is 2787 a composite number?
True
Is 364757 a composite number?
True
Is 11915 a prime number?
False
Is 12734 a prime number?
False
Is 6659 a prime number?
True
Is 33763 prime?
False
Is 293 a composite number?
False
Is 398809 prime?
False
Is 9335 a composite number?
True
Is 1871951 composite?
False
Is 838421 a prime number?
True
Is 137623 composite?
False
Is 35797 a prime number?
True
Is 93305 a composite number?
True
Is 33209 a composite number?
True
Is 1108297 a composite number?
True
Is 346274 a composite number?
True
Is 984667 a composite number?
False
Is 73963 composite?
True
Is 1112989 composite?
True
Is 1977 a prime number?
False
Is 19641 a prime number?
False
Is 12853 prime?
True
Is 611357 prime?
False
Is 925619 a prime number?
True
Is 147029 a composite number?
False
Is 4037 a composite number?
True
Is 136163 a composite number?
False
Is 206177 a composite number?
False
Is 19277 a prime number?
False
Is 163435 composite?
True
Is 2827 a composite number?
True
Is 11351 composite?
False
Is 12941 a prime number?
True
Is 14983 a prime number?
True
Is 1621 composite?
False
Is 4121 a prime number?
False
Is 196162 composite?
True
Is 1497 prime?
False
Is 66841 prime?
True
Is 452393 prime?
True
Is 14533 prime?
True
Is 858791 composite?
True
Is 4253 a composite number?
False
Is 2395 composite?
True
Is 642613 a prime number?
True
Is 62231 prime?
False
Is 40323 composite?
True
Is 688421 composite?
True
Is 5195 prime?
False
Is 86323 a composite number?
False
Is 1056007 composite?
False
Is 9677 a composite number?
False
Is 12097 composite?
False
Is 69017 prime?
False
Is 101435 composite?
True
Is 221381 prime?
False
Is 39781 a composite number?
True
Is 307 a composite number?
False
Is 36587 a prime number?
True
Is 35859 a prime number?
False
Is 340237 a prime number?
True
Is 154093 prime?
False
Is 330271 composite?
False
Is 2116019 composite?
False
Is 38113 a prime number?
True
Is 1657 prime?
True
Is 9017 prime?
False
Is 15439 composite?
False
Is 97919 a prime number?
True
Is 40097 a composite number?
True
Is 170891 composite?
True
Is 364061 a prime number?
False
Is 182577 composite?
True
Is 31751 a prime number?
True
Is 13751 prime?
True
Is 32849 a composite number?
True
Is 112611 composite?
True
Is 62633 a prime number?
True
Is 787939 composite?
False
Is 1721 a prime number?
True
Is 32099 prime?
True
Is 5818 a composite number?
True
Is 1039 a composite number?
False
Is 7789 composite?
False
Is 11113 a prime number?
True
Is 57107 a composite number?
False
Is 6623 a prime number?
False
Is 599 a composite number?
False
Is 12721 composite?
False
Is 574979 composite?
True
Is 735497 composite?
True
Is 15427 a composite number?
False
Is 45683 composite?
True
Is 17723 a prime number?
False
Is 89035 a composite number?
True
Is 379 a prime number?
True
Is 838 a composite number?
True
Is 20419 composite?
True
Is 450973 a prime number?
False
Is 1747 a prime number?
True
Is 164471 composite?
False
Is 50299 prime?
False
Is 2734387 composite?
False
Is 300281 a composite number?
True
Is 985585 a prime number?
False
Is 809 a composite number?
False
Is 5515 a prime number?
False
Is 9587 a composite number?
False
Is 563401 a composite number?
False
Is 4751 a prime number?
True
Is 136877 composite?
True
Is 29239 prime?
False
Is 1330751 a composite number?
False
Is 113759 a composite number?
False
Is 183391 composite?
True
Is 43513 a prime number?
False
Is 50627 a prime number?
True
Is 2305 a prime number?
False
Is 22633 composite?
True
Is 59263 a prime number?
True
Is 407 a composite number?
True
Is 15971 a prime number?
True
Is 25163 a composite number?
False
Is 287843 a composite number?
True
Is 667393 a prime number?
False
Is 60067 composite?
True
Is 23417 composite?
False
Is 6387 a prime number?
False
Is 420029 a composite number?
False
Is 16503 prime?
False
Is 7121 prime?
True
Is 518387 a prime number?
True
Is 36893 a composite number?
True
Is 16869 composite?
True
Is 51767 a composite number?
False
Is 118739 a composite number?
False
Is 510121 a composite number?
False
Is 21269 a composite number?
False
Is 132353 a prime number?
False
Is 841 a composite number?
True
Is 17959 composite?
False
Is 30803 prime?
True
Is 22853 prime?
True
Is 1831 a composite number?
False
Is 123719 a prime number?
True
Is 26995 a composite number?
True
Is 482627 a prime number?
True
Is 103829 prime?
False
Is 2220457 a prime number?
True
Is 2285443 a prime number?
True
Is 4975787 prime?
True
Is 5021 a prime number?
True
Is 23249 a composite number?
True
Is 1837 composite?
True
Is 4721 prime?
True
Is 6733 a composite number?
False
Is 5059 a prime number?
True
Is 173881 a composite number?
True
Is 9059 a composite number?
False
Is 1897711 prime?
True
Is 318557 a prime number?
True
Is 28501 a composite number?
True
Is 1279022 prime?
False
Is 32297 a composite number?
False
Is 990553 composite?
True
Is 4283 composite?
False
Is 15305 prime?
False
Is 554527 composite?
False
Is 407 prime?
False
Is 2237 a prime number?
True
Is 353289 a composite number?
True
Is 22699 a composite number?
False
Is 32537 prime?
True
Is 781283 composite?
False
Is 2819 a composite number?
False
Is 2762 prime?
False
Is 1300861 prime?
False
Is 12197 composite?
False
Is 1018954 composite?
True
Is 93643 a prime number?
False
Is 252001 composite?
False
Is 915185 a composite number?
True
Is 2026321 a prime number?
False
Is 72133 prime?
False
Is 7481 composite?
False
Is 5773 prime?
False
Is 8651 a composite number?
True
Is 102757 a composite number?
True
Is 9979 prime?
False
Is 2206429 composite?
False
Is 9865 composite?
True
Is 42487 a prime number?
True
Is 114697 a composite number?
True
Is 51839 a composite number?
False
Is 827417 a composite number?
False
Is 27817 a composite number?
False
Is 4547 prime?
True
Is 17657 a composite number?
False
Is 31207 a composite number?
True
Is 1914289 a prime number?
False
Is 119933 composite?
True
Is 277331 prime?
True
Is 37709 composite?
True
Is 865061 prime?
True
Is 21806 composite?
True
Is 78179 prime?
True
Is 12071 composite?
False
Is 1973 prime?
True
Is 7411 prime?
True
Is 13931 a composite number?
False
Is 36827 a prime number?
False
Is 525127 a prime number?
True
Is 277957 a prime number?
False
Is 156193 prime?
False
Is 9311 prime?
True
Is 5003 a prime number?
True
Is 7401 a prime number?
False
Is 242427 a prime number?
False
Is 36619 composite?
True
Is 42061 composite?
False
Is 77465 prime?
False
Is 2911955 a prime number?
False
Is 158291 a prime number?
False
Is 224813 composite?
False
Is 11993 a prime number?
False
Is 408857 composite?
False
Is 1429307 a prime number?
False
Is 25045 prime?
False
Is 170627 a prime number?
True
Is 27509 a prime number?
True
Is 126839 prime?
True
Is 73237 a composite number?
False
Is 13829 a prime number?
True
Is 3247 a prime number?
False
Is 1290505 prime?
False
Is 208295 composite?
True
Is 3991 composite?
True
Is 907 composite?
False
Is 8683 a composite number?
True
Is 80963 a composite number?
False
Is 17821 prime?
False
Is 8039 composite?
False
Is 432805 a prime number?
False
Is 498805 a prime number?
False
Is 4357 prime?
True
Is 2246 a composite number?
True
Is 4595 a prime number?
False
Is 622 prime?
False
Is 2790971 prime?
